Let d be -2 - (-7 + -2)*1. Let q be c(d). What is the greatest common divisor of q and 162?
18
Let y(z) = -z**2 - 4*z - 16. Let w be y(-3). Let a(p) = -p**2 - 11*p + 31. Let h be a(w). Calculate the highest common divisor of 40 and h.
5
Suppose 0*u + u = 4. Suppose -u*a + 6 = -5*r, a - r - 5 = 2*r. Let i be a + (3 - 52/(-4)). What is the greatest common factor of 30 and i?
15
Suppose 0 = 119*u - 114*u - 100. Calculate the greatest common factor of 20 and u.
20
Suppose c + 3 = f - 3, -4*c = 5*f - 39. Suppose -9 = 3*u + x - 28, 2*x + 25 = 3*u. Calculate the greatest common divisor of u and f.
7
Let p(w) = 11*w + 308. Let l be p(-27). Suppose 8*r - 3*r - 10 = 0. Let f be 1/r + (-42)/(-4). Calculate the greatest common factor of l and f.
11
Let h = -34 - -36. Suppose -h*b - 4*c = -50, -70 = -4*b - 0*b - 2*c. Calculate the highest common divisor of b and 45.
15
Let p(k) = k**3 + k**2 - 3*k + 3. Let j be p(3). Let r be (j + 6)/((-6)/(-4)). What is the greatest common divisor of 36 and r?
12
Let z be (18 + -21)*(-16)/6. Suppose -t + z = -3*s - 7, 42 = 4*t - 3*s. What is the highest common factor of t and 18?
9
Let m(r) = -74*r**3 + r**2 - 2*r - 3. Let v be m(-1). Calculate the highest common factor of 185 and v.
37
Let l(a) = -a**3 - 3*a - 2. Let i be l(-1). Suppose -i*r + 137 = -43. Calculate the greatest common factor of 10 and r.
10
Let l(k) = -2*k + 53. Let j be l(19). Let q = 59 + j. What is the highest common divisor of q and 185?
37
Let q be (10/15)/((-1)/(-3)). Let w be q/8 - (-120)/32. Suppose 5*x + 34 = n, n = -w*n + 4*x + 128. What is the highest common divisor of 8 and n?
8
Suppose -937 = 6*m + 1487. Let y = -260 - m. Calculate the highest common factor of y and 18.
18
Suppose -2*y + 10*y = 368. Calculate the highest common factor of y and 184.
46
Let g = 33 - 51. Let y be (g - 1)/(7/(-14)). What is the highest common divisor of y and 38?
38
Let k(a) = a**3 - 36*a**2 + 3*a - 60. Let b be k(36). What is the highest common factor of 96 and b?
48
Suppose -46*w - 358 + 4360 = 0. What is the greatest common divisor of 1334 and w?
29
Let w = -9 - -15. Let v be (4/(-12))/((-1)/w). Suppose 6*l - v*l = 40. Calculate the greatest common divisor of 110 and l.
10
Let q be 2/16*-2 - (-2211)/12. What is the highest common divisor of 276 and q?
92
Let d(l) be the third derivative of l**6/120 - l**5/5 - 11*l**4/24 - 17*l**3/6 + 6*l**2. Let i be d(13). What is the highest common divisor of 9 and i?
9
Suppose -13 = -2*r + 3. Let y be 30/(-12)*(-24)/15. Let a = 16 + y. What is the greatest common divisor of a and r?
4
Let x = -4698 - -7981. Calculate the highest common divisor of x and 49.
49
Let z(f) = 65 - 66 + f**2 + 0*f**2 + 65*f**3. Let w be z(1). Let j = 64 + -38. What is the greatest common factor of w and j?
13
Let p(g) = -g**3 + 3*g**2 + 21*g + 15. Let r be p(6). Let m = 338 + -206. Calculate the highest common factor of r and m.
33
Let a(m) be the second derivative of m**3/6 + 13*m**2 - 15*m. Let y be a(-17). What is the greatest common divisor of y and 27?
9
Let n(j) = j**3 + 6*j**2 + 4*j - 2. Let b be (-21)/4 + (-7)/(-28). Let f be n(b). What is the highest common divisor of 2 and f?
1
Let q be (-4 + 3)/((-4)/(-4)) + 3. Suppose 3*m - 222 = -h, 6*m - q*m - 646 = -3*h. What is the highest common factor of h and 21?
21
Let z be 25 - (-6 + (-9)/(-3)). Let l(w) = -w**3 - 6*w**2 - 21*w - 14. Let m be l(-6). What is the highest common divisor of z and m?
28
Suppose -5*v + 5 = -10*v. Let r(b) = 7*b**2 + 3*b + 3. Let g be r(v). What is the highest common factor of g and 77?
7
Let t = -118 + 230. Let v be 5 + -113 + (-5 - -1). Let j be 15/(-6)*v/20. Calculate the greatest common divisor of j and t.
14
Let o(k) = -k**3 - 10*k**2 - 23*k - 11. Let h be o(-8). Calculate the greatest common divisor of 18 and h.
9
Let u be ((-50)/4)/5*(4 - 2). Let z be (-3 - u)*(-3)/(-6)*9. Calculate the greatest common factor of z and 153.
9
Let n be 1785/6 - (-1)/(-2). Let q be -12*(280/32 - 11). Calculate the greatest common factor of q and n.
27
Suppose 85*v = 57*v + 8960. Calculate the highest common factor of v and 5.
5
Let x be 36/(-8) + (-2)/(-4). Let y(m) = -m**2 + 4*m + 4. Let z be y(4). Let v be 2/x - (-182)/z. Calculate the greatest common factor of 5 and v.
5
Suppose -18*n = -6841 - 3365. What is the highest common divisor of 21 and n?
21
Suppose -196 = 10*q - 12*q + 2*t, 2*q + 3*t - 216 = 0. Let u = -34 + 68. Calculate the highest common divisor of u and q.
34
Suppose 400 = 7*t + 3*t. Calculate the highest common factor of t and 100.
20
Suppose p = -p + 24. Suppose 0*z - 5*z = -z. Suppose -m - 401 = -3*f, z = 5*f + 3*m - 285 - 360. Calculate the greatest common factor of f and p.
12
Let q = 191 - 134. What is the highest common factor of q and 627?
57
Suppose s + 10 = 2*i, -s + 1 = 2*i - 5. Suppose i + 44 = 8*v. Calculate the highest common factor of v and 15.
3
Suppose 0 = -41*h - 762 + 7978. Calculate the highest common divisor of 11 and h.
11
Suppose 33*i + 0*i - 1386 = 0. Calculate the greatest common factor of 336 and i.
42
Suppose 0 = -5*i + 3*b + 11 - 89, 4*i = -5*b - 55. Let c be ((-36)/15)/((-3)/i). Let y be 4/(c/(-9)) + 52. What is the highest common factor of y and 22?
11
Let n = 810 + -790. Suppose -5*f + 2*i + 50 = 0, -3*f - 10 = -4*f - 3*i. What is the highest common factor of f and n?
10
Let u(l) = -54*l**3 + l**2 + 4*l + 3. Let z be u(-1). Calculate the greatest common divisor of 2 and z.
2
Suppose 8 = 2*p - 8. Let j be 3/(-1 + (-35)/(-20)). Suppose -a - 5*k = j*a - 175, 2*k + 10 = 0. Calculate the greatest common factor of a and p.
8
Suppose 16 = -h + 68. Let q be 0 + h/14 + (-10)/(-35). What is the highest common divisor of 32 and q?
4
Suppose -75*q + 57*q + 504 = 0. Let f = -5 - -5. Suppose 0 = -4*b, 4*h - 280 = -3*b - f*b. What is the highest common divisor of h and q?
14
Let p = -165 - -189. What is the greatest common divisor of 216 and p?
24
Let b be (-6)/7 - 15504/(-56). Calculate the greatest common divisor of 92 and b.
92
Let n be ((-1232)/(-24))/((-6)/(-9)). Suppose -3*x + 3 = -3*c, 5*c = -0*x + 4*x - 2. Let l = n + x. What is the highest common factor of l and 16?
16
Let u be 93/18 + (-2)/12. Suppose -u*a = -0*q + 5*q - 65, 3*a = -4*q + 47. What is the highest common factor of 16 and q?
8
Let m = 58 + -48. What is the highest common factor of 5 and m?
5
Let q be (-466)/32*-4 + (-3)/12. Calculate the greatest common factor of q and 58.
58
Let s(k) = -3*k**2 + 3*k + 2. Let i be s(2). Let l = 7 - i. Suppose -l*b = -16*b + 80. Calculate the greatest common divisor of b and 144.
16
Suppose c - 5*z = -4*z + 16, 2*c + 4*z = 56. What is the greatest common factor of 1180 and c?
20
Suppose 12 = 4*h - h. Let n(z) = z**3 - 7*z**2 - 10*z - 8. Let b be n(9). Let o = b - h. Calculate the greatest common divisor of o and 15.
15
Let t(n) = -155*n - 91. Let h be t(-12). Calculate the highest common factor of 58 and h.
29
Suppose 4*i + 12 = -y, -2*y - i + 16 = 3*y. Let l be (-17)/(-4) - 1/y. What is the greatest common divisor of 1 and l?
1
Suppose 253*k - 250*k + l = 35, 0 = -5*k + 4*l + 30. Let d(g) = -4*g - 6. Let w be d(-4). Calculate the highest common factor of w and k.
10
Let c(i) = i**2 + i - 2. Let p be c(-4). Suppose 4*o - 320 = l + 3*l, -3*l = 3*o - 258. Suppose 87*a = o*a + 200. What is the highest common divisor of a and p?
10
Suppose -2665 - 1665 = -5*j. Suppose 366 = -2*r + j. What is the greatest common factor of r and 25?
25
Suppose 2*d - 5*g = 7 + 15, 2*g - 11 = -d. Let r = 113 - 67. Let t = 57 - r. Calculate the greatest common factor of t and d.
11
Let z = 3126 - 3117. Suppose -b + 2 = -1. Calculate the highest common factor of b and z.
3
Suppose 4*k - 2*u + 60 = 0, 5*k + 122 = 2*u + 47. Let h = k - -31. Let q be h*1*(-1)/(-2). Calculate the greatest common factor of q and 2.
2
Let r = 385 - 343. Let f = -2 + 23. Calculate the greatest common divisor of f and r.
21
Let u = 20 + -13. Suppose 3*o = o + 122. Suppose y = r - o, 0 = -2*r - 3*y + 63 + 69. What is the highest common factor of u and r?
7
Let c be 1*-1*(-57)/19. Suppose 112 = c*x + 5*f, 33 = 2*x - 6*f + f. Calculate the greatest common divisor of x and 116.
29
Suppose -5 + 1 = -2*z. Suppose 99 = 3*c + h, c - 111 = -z*c - 5*h. Let v = c - 23. What is the greatest common fa